rue
Is 75396833 prime?
True
Is 93868217 a composite number?
True
Is 1804349 composite?
False
Is 20745581 a prime number?
True
Is 1285714877 a prime number?
True
Is 928627 a composite number?
True
Is 533245 prime?
False
Is 2467519 a composite number?
False
Is 6099023 a composite number?
True
Is 8037461 a prime number?
True
Is 3183259 prime?
True
Is 3744863 a prime number?
True
Is 2268103 a composite number?
False
Is 49102061 prime?
False
Is 5085571 a prime number?
True
Is 87496769 a composite number?
False
Is 3390371 composite?
False
Is 3385643 a composite number?
True
Is 8123837 a composite number?
False
Is 94315877 prime?
False
Is 148302634 a composite number?
True
Is 353187859 a composite number?
False
Is 32445817 a composite number?
False
Is 35105333 composite?
True
Is 76338494 composite?
True
Is 305532557 a composite number?
True
Is 10699291 composite?
False
Is 9082547 prime?
True
Is 4148759 a prime number?
True
Is 4402714 a prime number?
False
Is 51539101 a composite number?
False
Is 1095337 a composite number?
True
Is 744239 prime?
True
Is 4122277 a composite number?
False
Is 89245061 a prime number?
True
Is 129894829 composite?
False
Is 589895591 composite?
False
Is 328799111 a composite number?
False
Is 9807013 prime?
False
Is 3871715 prime?
False
Is 1329593 a composite number?
False
Is 156983399 a composite number?
False
Is 8648383 a composite number?
True
Is 457607 a prime number?
True
Is 356170877 composite?
False
Is 57062851 a prime number?
True
Is 14037233 a prime number?
False
Is 437696299 a prime number?
False
Is 468810143 a prime number?
False
Is 2655559 prime?
False
Is 29828649 a prime number?
False
Is 179785402 prime?
False
Is 4321937 a prime number?
False
Is 1167 a prime number?
False
Is 54970459 a prime number?
True
Is 131704799 prime?
False
Is 5851093 a prime number?
True
Is 77818957 a prime number?
True
Is 1065193 a prime number?
False
Is 636551197 composite?
True
Is 37665209 a composite number?
False
Is 42886399 a prime number?
False
Is 7244117 a prime number?
True
Is 3103994 a composite number?
True
Is 14773633 prime?
False
Is 26452007 a prime number?
True
Is 4291933 a composite number?
False
Is 447493 a prime number?
False
Is 558759911 a composite number?
True
Is 25852571 composite?
False
Is 2245739 prime?
True
Is 61384717 a prime number?
True
Is 405979723 composite?
False
Is 40293571 a prime number?
True
Is 2837893 composite?
True
Is 18991403 prime?
True
Is 11960111 prime?
True
Is 121973441 a composite number?
False
Is 113231717 prime?
True
Is 1183933 a prime number?
True
Is 18423611 prime?
True
Is 3517049 prime?
False
Is 1330243 a prime number?
False
Is 7572787 a prime number?
False
Is 20000317 a prime number?
False
Is 746582147 a prime number?
False
Is 77284651 prime?
True
Is 16491317 a prime number?
False
Is 701161 a composite number?
True
Is 6443303 composite?
True
Is 116852867 composite?
False
Is 63391529 a composite number?
False
Is 151710469 prime?
True
Is 61059793 composite?
False
Is 240976159 composite?
True
Is 531070559 a composite number?
False
Is 4390523 a prime number?
True
Is 254549663 composite?
True
Is 150171283 prime?
True
Is 60807862 a composite number?
True
Is 2431009 a prime number?
False
Is 1304189 a prime number?
False
Is 204403583 a prime number?
True
Is 500333771 a composite number?
True
Is 1176529 composite?
False
Is 40386653 composite?
True
Is 14760269 composite?
False
Is 2933537 prime?
False
Is 3267671 a prime number?
False
Is 67745591 a prime number?
True
Is 462629 composite?
False
Is 26591221 a prime number?
True
Is 402703 a prime number?
False
Is 1975679 a composite number?
True
Is 1642961 prime?
False
Is 41511971 composite?
False
Is 119287043 a prime number?
True
Is 2256169 a prime number?
True
Is 749559 prime?
False
Is 14071 a composite number?
False
Is 119038609 a prime number?
True
Is 7481051 composite?
False
Is 104932453 prime?
False
Is 3576245 a prime number?
False
Is 26021351 prime?
True
Is 51314317 a composite number?
True
Is 555049 prime?
False
Is 12203591 prime?
False
Is 105293073 a prime number?
False
Is 931417 composite?
False
Is 659089 prime?
False
Is 86873 composite?
True
Is 2147461 composite?
False
Is 9972439 a prime number?
True
Is 36026737 a composite number?
False
Is 653153 prime?
True
Is 9770879 composite?
True
Is 4400119 composite?
True
Is 2933579 composite?
True
Is 4288307 a composite number?
False
Is 18862121 a prime number?
True
Is 167644577 a composite number?
False
Is 215233895 prime?
False
Is 2768462 prime?
False
Is 5130253 composite?
False
Is 13499042 a prime number?
False
Is 136364127 a prime number?
False
Is 162988717 a composite number?
False
Is 2898723 a prime number?
False
Is 108069791 a composite number?
False
Is 3551027 prime?
True
Is 3384523 composite?
False
Is 11342819 prime?
True
Is 3222481 prime?
False
Is 9199613 a composite number?
True
Is 44523253 a prime number?
False
Is 1549918 composite?
True
Is 959083 a prime number?
True
Is 3717793 a composite number?
True
Is 1033033 composite?
False
Is 2875127 prime?
True
Is 4349113 composite?
False
Is 92086591 composite?
True
Is 545327143 prime?
False
Is 5889301 a prime number?
False
Is 47658713 a composite number?
True
Is 1259213 composite?
False
Is 1148489 a prime number?
True
Is 8739841 prime?
False
Is 32650427 composite?
False
Is 419687 a composite number?
False
Is 41893541 prime?
True
Is 18664961 prime?
False
Is 375059749 a composite number?
False
Is 7300399 a prime number?
True
Is 450903185 a composite number?
True
Is 243033643 prime?
True
Is 52211279 a prime number?
False
Is 20742149 a prime number?
False
Is 17969101 a prime number?
True
Is 391305347 a composite number?
False
Is 146906327 composite?
False
Is 1658519 a prime number?
False
Is 88877903 composite?
True
Is 1190983 composite?
False
Is 2435101 composite?
True
Is 143321023 a composite number?
False
Is 372343 composite?
True
Is 3885679 a prime number?
False
Is 75824627 a prime number?
True
Is 2078591 prime?
True
Is 8271409 composite?
True
Is 5711653 prime?
False
Is 1292569 a prime number?
False
Is 945017 a prime number?
False
Is 576124117 composite?
False
Is 6466261 composite?
False
Is 20424977 prime?
True
Is 7998889 composite?
True
Is 1312753 prime?
False
Is 791750651 a prime number?
True
Is 22333677 prime?
False
Is 10039519 prime?
False
Is 143457 composite?
True
Is 1683139 a prime number?
False
Is 712837 a prime number?
True
Is 2737211 prime?
True
Is 5938573 composite?
True
Is 1524641 a prime number?
True
Is 889549 a composite number?
True
Is 125232979 prime?
True
Is 1424099 prime?
False
Is 25910135 composite?
True
Is 45839351 a composite number?
False
Is 40709345 composite?
True
Is 272627171 prime?
True
Is 7324367 a composite number?
True
Is 19433341 a prime number?
False
Is 1371833 composite?
True
Is 11352349 prime?
False
Is 85545193 a composite number?
True
Is 71560063 a composite number?
False
Is 5421919 a composite number?
False
Is 2783453 a prime number?
False
Is 1522186097 a composite number?
False
Is 5132891 prime?
False
Is 7778267 prime?
False
Is 58566997 a prime number?
True
Is 49834589 a composite number?
True
Is 74070533 composite?
True
Is 20071631 a composite number?
False
Is 24368273 a composite number?
False
Is 8227853 prime?
False
Is 8914186 composite?
True
Is 1255791 composite?
True
Is 6269611 a composite number?
False
Is 1076701 composite?
True
Is 7720241 composite?
False
Is 227170969 a composite number?
False
Is 363689797 a composite number?
False
Is 19083761 a composite number?
False
Is 1089559 prime?
False
Is 32827757 a prime number?
False
Is 3215657 composite?
True
Is 434621 composite?
True
Is 18551935 a composite number?
True
Is 9252017 a composite number?
True
Is 39122639 prime?
False
Is 216569 a composite number?
False
Is 3601421 composite?
False
Is 16630885 a composite number?
True
Is 29689579 composite?
False
Is 2030099 prime?
True
Is 17743598 composite?
True
Is 82851017 a prime number?
True
Is 12572233 prime?
True
Is 79786867 prime?
True
Is 363648293 a composite number?
True
Is 28442077 prime?
False
Is 197133809 composite?
True
Is 13786573 prime?
True
Is 16083219 a composite number?
True
Is 5241297 composite?
True
Is 118453 a prime number?
True
Is 22757727 composite?
True
Is 226694285 composite?
True
Is 276817